t n(a) = 6*a**2 + 240*a + 1537. Calculate n(-32).
1
Let q(w) = 82*w**2 + 1469*w - 43. Determine q(-18).
83
Let r(s) = s**3 + 11*s**2 - 128*s - 982. Give r(-6).
-34
Let q(w) = w**3 + 77*w**2 + 1765*w + 41498. What is q(-59)?
21
Let x(a) = 173*a + 58094. What is x(-336)?
-34
Let p(d) = d**2 - 27*d - 890. Determine p(-21).
118
Let x(h) = 2350*h + 949400. Give x(-404).
0
Let x(s) = -2*s**3 - 249*s**2 + 4655*s + 106. Calculate x(-141).
-176
Let a(y) = 2*y**2 - 1709393*y + 5128165. Determine a(3).
4
Let s(o) = o**2 + 1254*o + 136074. What is s(-120)?
-6
Let j(c) = -3*c**2 - 1145*c + 26788. Determine j(-404).
-280
Let i(c) = 2*c**3 + 98*c**2 + 75*c + 3536. Calculate i(-49).
-139
Let q(j) = 2*j**3 - 65*j**2 - 1559*j - 104. What is q(-16)?
8
Let q(y) = y**2 + 250*y + 6416. Give q(-28).
200
Let y(x) = 564*x + 63036. Determine y(-112).
-132
Let j(h) = 4*h**3 + 10791*h**2 - 54063*h + 31. Give j(5).
-9
Let b(m) = -2*m**3 + 92*m**2 - 94*m + 157. Calculate b(45).
-23
Let r(a) = a**3 + 44*a**2 + 106*a - 495. What is r(-41)?
202
Let d(y) = 6785*y - 5271955. What is d(777)?
-10
Let y(p) = -14*p + 453. Give y(107).
-1045
Let u(x) = -5*x**3 - 625*x**2 - 12*x - 1466. What is u(-125)?
34
Let t(y) = 7067*y - 650168. What is t(92)?
-4
Let z(j) = 3*j**2 - 89*j + 81. Determine z(33).
411
Let m(a) = 835*a + 3213. What is m(-4)?
-127
Let b(z) = 2*z**2 - 40093*z + 920876. Calculate b(23).
-205
Let z(v) = -2529*v + 101071. Give z(40).
-89
Let c(b) = 751*b - 65371. Give c(87).
-34
Let s(j) = -j**2 + 99*j - 2435. Give s(37).
-141
Let h(n) = -2*n**2 + 999*n - 3975. Determine h(4).
-11
Let f(j) = -1141*j - 21671. Determine f(-19).
8
Let k(r) = -21*r**3 + 102*r**2 - 174*r + 421. Calculate k(4).
13
Let v(t) = 708945*t - 708950. Determine v(1).
-5
Let j(b) = 1376493*b + 12388428. Determine j(-9).
-9
Let l(k) = 31479*k + 3179379. What is l(-101)?
0
Let i(n) = -170*n + 28964. Determine i(173).
-446
Let l(c) = 227*c**3 + 3*c**2 + 43*c + 43. What is l(-1)?
-224
Let t(a) = 280*a**2 + 7497*a - 1694. Determine t(-27).
7
Let t(i) = 46670*i - 280614. Give t(6).
-594
Let i(u) = -2*u**2 + 7*u + 15667. Determine i(-75).
3892
Let k(q) = 10531*q - 6402850. Give k(608).
-2
Let b(v) = -8*v**3 - 53*v**2 + 49*v + 10. Calculate b(0).
10
Let v(z) = z**3 + 291*z**2 + 3332*z - 4470. Calculate v(-279).
-6
Let u(n) = -286687*n - 1146736. Give u(-4).
12
Let d(s) = 12767*s - 12727. What is d(1)?
40
Let a(b) = 16*b**3 + 49*b**2 + 23*b - 48. Give a(-9).
-7950
Let m(x) = -x**2 - 720*x + 43485. What is m(56)?
29
Let z(j) = 4*j**2 - 1284*j + 100645. Calculate z(136).
5
Let w(t) = 56*t**2 - 5691*t - 2123. Calculate w(102).
19
Let b(n) = n**2 + 9669*n + 57959. Calculate b(-6).
-19
Let c(t) = 64*t**2 - 229*t + 769. What is c(3)?
658
Let n(p) = 182471*p + 912345. Determine n(-5).
-10
Let w(q) = 21*q**3 + 4*q**2 + 220*q + 437. Give w(-2).
-155
Let i(g) = -19*g - 499. Determine i(-29).
52
Let s(u) = -8*u**3 + 8*u**2 + 3*u - 134. What is s(5)?
-919
Let m(z) = z**3 - 201*z**2 + 146*z - 70292. Calculate m(202).
4
Let y(l) = 3*l**2 + 745*l + 1062. Give y(-247).
74
Let f(j) = 24*j**3 - 171*j**2 - 250*j - 78. What is f(-1)?
-23
Let a(d) = -2*d**3 + 666*d**2 - 53701*d - 586. Calculate a(196).
2
Let l(t) = 1097*t + 16703. Give l(-15).
248
Let v(j) = 1316*j + 29913. What is v(-23)?
-355
Let r(x) = -38803*x + 698465. Determine r(18).
11
Let f(g) = 14*g**3 + 13*g**2 + 96*g + 219. Determine f(-3).
-330
Let w(f) = 44*f**2 - 830*f - 41. Give w(19).
73
Let t(z) = 11*z**2 - 2540*z + 12527. Determine t(5).
102
Let o(i) = 6553*i + 655396. Determine o(-100).
96
Let d(g) = -g**3 - 51*g**2 + 1247*g - 87. Calculate d(-69).
-432
Let g(z) = -3*z**3 - 49*z**2 - 116*z + 74. Determine g(-9).
-664
Let c(m) = -321*m + 58390. Determine c(182).
-32
Let r(u) = -2*u**3 + 18*u**2 + 639*u - 78. Determine r(-14).
-8
Let r(j) = 71*j**2 - 388*j + 43. Give r(6).
271
Let m(h) = -3*h**2 - 267*h - 1280. Determine m(0).
-1280
Let q(i) = 529*i - 3937. Determine q(7).
-234
Let l(v) = 4*v**3 - 10*v**2 + 435*v - 2565. Calculate l(6).
549
Let f(o) = -6*o**3 - 440*o**2 - 27*o + 8690. Determine f(-73).
3
Let y(r) = -11*r**2 + 3216*r - 26131. What is y(284)?
-3
Let j(s) = -11*s**2 + 23*s - 42. What is j(-11)?
-1626
Let v(a) = -3296*a - 316408. Give v(-96).
8
Let y(l) = l**3 + 453*l**2 + 6569*l - 428. Calculate y(-438).
10
Let z(w) = -2224*w - 213522. Give z(-96).
-18
Let v(h) = 214*h + 18831. What is v(-89)?
-215
Let o(a) = 6454*a + 187118. What is o(-29)?
-48
Let b(o) = -o**3 + 83*o**2 - 151*o + 5739. Give b(82).
81
Let s(b) = -6162*b - 17423. What is s(-3)?
1063
Let m(k) = -31189*k - 1153989. Give m(-37).
4
Let k(w) = 714*w + 3671. Calculate k(-5).
101
Let w(y) = -116*y**2 - 5361*y + 4277. Determine w(-47).
0
Let i(n) = -311*n + 3796. Calculate i(9).
997
Let r(h) = 24893*h - 23922173. Determine r(961).
0
Let w(b) = b**2 + 39*b - 19926. What is w(-162)?
0
Let n(a) = 9*a**2 + 650*a - 134. Calculate n(-72).
-278
Let l(f) = 19*f**2 + 634*f + 154. Give l(-33).
-77
Let v(t) = -12362*t - 49786. What is v(-4)?
-338
Let l(v) = -v**2 + 10410*v + 114638. What is l(-11)?
7
Let c(o) = -2*o**3 + 83*o**2 + 607*o - 288. Calculate c(48).
-1104
Let w(l) = -l**3 + 156*l**2 + 391*l - 11867. Give w(158).
-17
Let c(r) = 153*r - 4233. What is c(27)?
-102
Let y(p) = -339*p + 1439. Give y(5).
-256
Let z(w) = -2*w**3 + 470*w**2 - 5356*w + 309. Determine z(223).
-583
Let c(j) = -47*j + 6228. Give c(107).
1199
Let f(x) = x**3 - 1485*x**2 + 8874*x - 8. Determine f(6).
-8
Let p(w) = -w**2 - 4*w + 15107. Give p(129).
-2050
Let a(q) = 105573*q - 2428162. Determine a(23).
17
Let t(p) = 52*p + 809. Calculate t(13).
1485
Let l(t) = -364539*t - 1093650. Calculate l(-3).
-33
Let n(y) = -67740*y - 203184. Calculate n(-3).
36
Let s(c) = 6*c**2 + 387*c + 3338. Give s(-10).
68
Let d(n) = 26639*n + 932302. Calculate d(-35).
-63
Let o(z) = -z**3 - 3536*z + 10631. Calculate o(3).
-4
Let g(v) = -477*v + 191729. Give g(402).
-25
Let v(f) = -28*f + 5003. Give v(218).
-1101
Let n(b) = -b**3 + 331*b**2 + 860912*b + 4440. What is n(1108)?
8
Let l(o) = 9577*o + 210644. What is l(-22)?
-50
Let n(z) = -z**2 - 1603*z + 173931. Calculate n(102).
21
Let u(t) = -101*t + 17575. Determine u(175).
-100
Let q(y) = 6*y**3 + 7*y**2 - 5*y + 1276. Calculate q(0).
1276
Let l(w) = 5*w**2 - 120*w + 158. What is l(20)?
-242
Let h(i) = -i**3 + 1007*i**2 - 75006*i - 196. Give h(81).
-196
Let w(n) = -n**2 - 503*n - 22645. Determine w(-50).
5
Let v(h) = 121*h**2 + 927*h - 1591. What is v(-9)?
-133
Let f(i) = 180*i + 66964. Calculate f(-373).
-176
Let w(r) = -r**3 + 28*r**2 + 24449*r - 544. Calculate w(-143).
28
Let c(g) = -179*g - 22090. What is c(-128)?
822
Let r(n) = 3*n**2 - 2267*n + 20146. Calculate r(9).
-14
Let s(i) = 904*i + 217900. Determine s(-243).
-1772
Let w(h) = 3*h**2 - 447*h + 16273. What is w(77)?
-359
Let l(q) = q**3 - 272*q**2 + 2369*q - 320. Give l(263).
206
Let s(d) = 5*d**2 + 3688*d + 21950. Give s(-6).
2
Let p(g) = g**3 - 164*g**2 + 867*g + 396. Give p(6).
-90
Let d(v) = -2685*v - 15395. Give d(-6).
715
Let j(l) = -5235*l - 2858308. Calculate j(-546).
2
Let m(b) = -4*b**2 + 370*b + 1541. Give m(-4).
-3
Let s(t) = -26*t**2 - 305*t - 247. What is s(-7)?
614
Let v(s) = 1021*s - 8142. Give v(8).
26
Let g(u) = -728*u**2 - 2072*u - 55. Give g(-3).
-391
Let m(x) = -1579*x + 1544256. Give m(978).
-6
Let q(t) = 1187*t - 32093. Determine q(27).
-44
Let i(n) = -n**3 + 26*n**2 - 163*n + 2262. Give i(23).
100
Let n(t) = -19*t**2 + 2218*t - 6521. Calculate n(3).
-38
Let f(n) = -n**2 + 1261*n + 135676. What is f(-100)?
-424
Let m(g) = 2*g**2 + 2302*g + 40710. What is m(-18)?
-78
Let p(w) = -w**3 - 20*w**2 - 91*w + 66. Determine p(-12).
6
Let c(n) = -20*n**2 - 8655*n - 6502. Determine c(-432).
-22
Let r(m) = -m**2 + 3113*m + 21871. Give r(-7).
31
Let o(u) = 13784*u - 2343276. Determine o(170).
4
Let f(o) = -2*o**3 + 51*o**2 + 1175*o - 29991. Determine f(25).
9
Let n(a) = 4980*a - 796796. Give n(160).
4
Let m(a) = 14*a**2 + 6574*a - 3914. What is m(-470)?
-1094
Let z(o) = -8*o**2 + 3832*o + 19357. Give z(484).
-3
Let z(s) = 9*s**3 - 9*s + 2. Calculate z(-3).
-214
Let f(j) = 4*j**2 - 890*j + 38811. Give f(163).
17
Let d(a) = -489*a - 14157. Give d(-29).
24
Let u(d) = d**3 + 7*d**2 - 404*d - 2455. Give u(-6).
5
Let p(x) = 2422*